{"id":1350,"date":"2023-02-03T11:40:40","date_gmt":"2023-02-03T11:40:40","guid":{"rendered":"https:\/\/srmadeira.oet.pt\/wordpress\/?page_id=1350"},"modified":"2023-02-03T12:06:04","modified_gmt":"2023-02-03T12:06:04","slug":"divulgacoes","status":"publish","type":"page","link":"https:\/\/srmadeira.oet.pt\/wordpress\/divulgacoes\/","title":{"rendered":"Divulga\u00e7\u00f5es"},"content":{"rendered":"\n<div class=\"wp-block-uagb-advanced-heading uagb-block-7520a7d3\"><h4 class=\"uagb-heading-text\">Aprovada a nova Lei das Ordens Profissionais-Projeto de Lei 108\/XV\/1<\/h4><\/div>\n\n\n\n<p>No dia 22 de dezembro de 2022, foi aprovada na sess\u00e3o plen\u00e1ria da Assembleia da Rep\u00fablica a nova lei das Ordens:&nbsp;Projeto de Lei 108\/XV\/1 &#8211; Refor\u00e7a a salvaguarda do interesse p\u00fablico, a autonomia e a independ\u00eancia da regula\u00e7\u00e3o e promo\u00e7\u00e3o do acesso a atividades profissionais, alterando a Lei n.\u00ba 2\/2013, de 10 de janeiro (Estabelece o regime jur\u00eddico de cria\u00e7\u00e3o, organiza\u00e7\u00e3o e funcionamento das associa\u00e7\u00f5es p\u00fablicas profissionais) e a Lei n.\u00ba 53\/2015, de 11 de junho (Regime jur\u00eddico da constitui\u00e7\u00e3o e funcionamento das sociedades de profissionais que estejam sujeitas a associa\u00e7\u00f5es p\u00fablicas profissionais).<\/p>\n\n\n\n<ul class=\"wp-block-list\">\n<li><a href=\"https:\/\/www.parlamento.pt\/ActividadeParlamentar\/Paginas\/DetalheIniciativa.aspx?BID=121540\" target=\"_blank\" rel=\"noreferrer noopener\">O&nbsp;detalhe da iniciativa legislativa<\/a><\/li>\n\n\n\n<li><a href=\"https:\/\/app.parlamento.pt\/webutils\/docs\/doc.pdf?path=6148523063484d364c793968636d356c6443397a6158526c63793959566b786c5a79394562324e31625756756447397a5357357059326c6864476c32595338794f5467794e6a4d314e7930304f4759314c5451354e6a59744f44686b5a5330795a6d45314e4468684d6a45774d5463755a47396a&amp;fich=29826357-48f5-4966-88de-2fa548a21017.doc&amp;Inline=true\" target=\"_blank\" rel=\"noreferrer noopener\">A proposta de Lei votada no parlamento<\/a><\/li>\n\n\n\n<li><a href=\"https:\/\/www.oet.pt\/downloads\/legislacao\/Nova_Lei_das_Ordens.pdf\" target=\"_blank\" rel=\"noreferrer noopener\">A integra\u00e7\u00e3o das altera\u00e7\u00f5es (a amarelo) no texto da lei anterior.<\/a><\/li>\n<\/ul>\n\n\n\n<p>No final da vota\u00e7\u00e3o foram proferidas algumas interven\u00e7\u00f5es interessantes por parte dos grupos parlamentares, pelo que deixamos aqui o&nbsp;<a href=\"https:\/\/canal.parlamento.pt\/?cid=6409&amp;title=reuniao-plenaria\" target=\"_blank\" rel=\"noreferrer noopener\">link para o canal parlamento AQUI (in\u00edcio \u00e0s 2:48:03)<\/a>.&nbsp;<\/p>\n\n\n\n<div class=\"wp-block-uagb-advanced-heading uagb-block-e52fd823\"><h2 class=\"uagb-heading-text\">LEGISLA\u00c7\u00c3O<\/h2><\/div>\n\n\n\n","protected":false},"excerpt":{"rendered":"<p>Aprovada a nova Lei das Ordens Profissionais-Projeto de Lei 108\/XV\/1 No dia 22 de dezembro de 2022, foi aprovada na sess\u00e3o plen\u00e1ria da Assembleia da Rep\u00fablica a nova lei das Ordens:&nbsp;Projeto de Lei 108\/XV\/1 &#8211; Refor\u00e7a a salvaguarda do interesse p\u00fablico, a autonomia e a independ\u00eancia da regula\u00e7\u00e3o e promo\u00e7\u00e3o do acesso a atividades profissionais, &hellip;<\/p>\n<p class=\"read-more\"> <a class=\"\" href=\"https:\/\/srmadeira.oet.pt\/wordpress\/divulgacoes\/\"> <span class=\"screen-reader-text\">Divulga\u00e7\u00f5es<\/span> Read More &raquo;<\/a><\/p>\n","protected":false},"author":1,"featured_media":0,"parent":0,"menu_order":0,"comment_status":"closed","ping_status":"closed","template":"","meta":{"_uag_custom_page_level_css":"","site-sidebar-layout":"default","site-content-layout":"default","ast-global-header-display":"","ast-main-header-display":"","ast-hfb-above-header-display":"","ast-hfb-below-header-display":"","ast-hfb-mobile-header-display":"","site-post-title":"","ast-breadcrumbs-content":"","ast-featured-img":"","footer-sml-layout":"","theme-transparent-header-meta":"","adv-header-id-meta":"","stick-header-meta":"","header-above-stick-meta":"","header-main-stick-meta":"","header-below-stick-meta":"","ngg_post_thumbnail":0,"footnotes":""},"class_list":["post-1350","page","type-page","status-publish","hentry"],"uagb_featured_image_src":{"full":false,"thumbnail":false,"medium":false,"medium_large":false,"large":false,"1536x1536":false,"2048x2048":false},"uagb_author_info":{"display_name":"oetsrm_admin","author_link":"https:\/\/srmadeira.oet.pt\/wordpress\/author\/oetsrm_admin\/"},"uagb_comment_info":0,"uagb_excerpt":"Aprovada a nova Lei das Ordens Profissionais-Projeto de Lei 108\/XV\/1 No dia 22 de dezembro de 2022, foi aprovada na sess\u00e3o plen\u00e1ria da Assembleia da Rep\u00fablica a nova lei das Ordens:&nbsp;Projeto de Lei 108\/XV\/1 &#8211; Refor\u00e7a a salvaguarda do interesse p\u00fablico, a autonomia e a independ\u00eancia da regula\u00e7\u00e3o e promo\u00e7\u00e3o do acesso a atividades profissionais,&hellip;","_links":{"self":[{"href":"https:\/\/srmadeira.oet.pt\/wordpress\/wp-json\/wp\/v2\/pages\/1350","targetHints":{"allow":["GET"]}}],"collection":[{"href":"https:\/\/srmadeira.oet.pt\/wordpress\/wp-json\/wp\/v2\/pages"}],"about":[{"href":"https:\/\/srmadeira.oet.pt\/wordpress\/wp-json\/wp\/v2\/types\/page"}],"author":[{"embeddable":true,"href":"https:\/\/srmadeira.oet.pt\/wordpress\/wp-json\/wp\/v2\/users\/1"}],"replies":[{"embeddable":true,"href":"https:\/\/srmadeira.oet.pt\/wordpress\/wp-json\/wp\/v2\/comments?post=1350"}],"version-history":[{"count":11,"href":"https:\/\/srmadeira.oet.pt\/wordpress\/wp-json\/wp\/v2\/pages\/1350\/revisions"}],"predecessor-version":[{"id":1366,"href":"https:\/\/srmadeira.oet.pt\/wordpress\/wp-json\/wp\/v2\/pages\/1350\/revisions\/1366"}],"wp:attachment":[{"href":"https:\/\/srmadeira.oet.pt\/wordpress\/wp-json\/wp\/v2\/media?parent=1350"}],"curies":[{"name":"wp","href":"https:\/\/api.w.org\/{rel}","templated":true}]}}

Divulgações

<div class="wp-block-uagb-advanced-heading uagb-block-7520a7d3"><h4 class="uagb-heading-text">Aprovada a nova Lei das Ordens Profissionais-Projeto de Lei 108/XV/1</h4></div>



<p>No dia 22 de dezembro de 2022, foi aprovada na sessão plenária da Assembleia da República a nova lei das Ordens:&nbsp;Projeto de Lei 108/XV/1 &#8211; Reforça a salvaguarda do interesse público, a autonomia e a independência da regulação e promoção do acesso a atividades profissionais, alterando a Lei n.º 2/2013, de 10 de janeiro (Estabelece o regime jurídico de criação, organização e funcionamento das associações públicas profissionais) e a Lei n.º 53/2015, de 11 de junho (Regime jurídico da constituição e funcionamento das sociedades de profissionais que estejam sujeitas a associações públicas profissionais).</p>



<ul class="wp-block-list">
<li><a href="https://www.parlamento.pt/ActividadeParlamentar/Paginas/DetalheIniciativa.aspx?BID=121540" target="_blank" rel="noreferrer noopener">O&nbsp;detalhe da iniciativa legislativa</a></li>



<li><a href="https://app.parlamento.pt/webutils/docs/doc.pdf?path=6148523063484d364c793968636d356c6443397a6158526c63793959566b786c5a79394562324e31625756756447397a5357357059326c6864476c32595338794f5467794e6a4d314e7930304f4759314c5451354e6a59744f44686b5a5330795a6d45314e4468684d6a45774d5463755a47396a&amp;fich=29826357-48f5-4966-88de-2fa548a21017.doc&amp;Inline=true" target="_blank" rel="noreferrer noopener">A proposta de Lei votada no parlamento</a></li>



<li><a href="https://www.oet.pt/downloads/legislacao/Nova_Lei_das_Ordens.pdf" target="_blank" rel="noreferrer noopener">A integração das alterações (a amarelo) no texto da lei anterior.</a></li>
</ul>



<p>No final da votação foram proferidas algumas intervenções interessantes por parte dos grupos parlamentares, pelo que deixamos aqui o&nbsp;<a href="https://canal.parlamento.pt/?cid=6409&amp;title=reuniao-plenaria" target="_blank" rel="noreferrer noopener">link para o canal parlamento AQUI (início às 2:48:03)</a>.&nbsp;</p>



<div class="wp-block-uagb-advanced-heading uagb-block-e52fd823"><h2 class="uagb-heading-text">LEGISLAÇÃO</h2></div>

<p>Aprovada a nova Lei das Ordens Profissionais-Projeto de Lei 108/XV/1 No dia 22 de dezembro de 2022, foi aprovada na sessão plenária da Assembleia da República a nova lei das Ordens:&nbsp;Projeto de Lei 108/XV/1 &#8211; Reforça a salvaguarda do interesse público, a autonomia e a independência da regulação e promoção do acesso a atividades profissionais, &hellip;</p>
<p class="read-more"> <a class="" href="https://srmadeira.oet.pt/wordpress/divulgacoes/"> <span class="screen-reader-text">Divulgações</span> Read More &raquo;</a></p>

Aprovada a nova Lei das Ordens Profissionais-Projeto de Lei 108/XV/1 No dia 22 de dezembro de 2022, foi aprovada na sessão plenária da Assembleia da República a nova lei das Ordens:&nbsp;Projeto de Lei 108/XV/1 &#8211; Reforça a salvaguarda do interesse público, a autonomia e a independência da regulação e promoção do acesso a atividades profissionais,&hellip;
