{"id":1374,"date":"2023-02-03T12:35:21","date_gmt":"2023-02-03T12:35:21","guid":{"rendered":"https:\/\/srmadeira.oet.pt\/wordpress\/?page_id=1374"},"modified":"2023-02-07T14:17:39","modified_gmt":"2023-02-07T14:17:39","slug":"cursos","status":"publish","type":"page","link":"https:\/\/srmadeira.oet.pt\/wordpress\/cursos\/","title":{"rendered":"CURSOS HABILITANTES &#8211; Tabela de Emolumentos, Quotas e Taxas em vigor"},"content":{"rendered":"\n<div class=\"wp-block-uagb-advanced-heading uagb-block-5d2a6943\"><h6 class=\"uagb-heading-text\">CURSOS SUPERIORES MINISTRADOS EM PORTUGAL QUE D\u00c3O ACESSO \u00c0 PROFISS\u00c3O DE ENGENHEIRO T\u00c9CNICO COM INDICA\u00c7\u00c3O DOS RESPETIVOS COL\u00c9GIOS DE ESPECIALIDADE NOS TERMOS DA AL\u00cdNEA A) DO N.\u00ba 1 DO ART.\u00ba 18 E DA AL\u00cdNEA H) DO ART.\u00ba 117 DA LEI N.\u00ba 157\/2015<\/h6><\/div>\n\n\n\n\n\n\n<div class=\"wp-block-uagb-advanced-heading uagb-block-077b5be0\"><h5 class=\"uagb-heading-text\">Tabela de Emolumentos, Quotas e Taxas em vigor<\/h5><\/div>\n\n\n\n","protected":false},"excerpt":{"rendered":"<p>CURSOS SUPERIORES MINISTRADOS EM PORTUGAL QUE D\u00c3O ACESSO \u00c0 PROFISS\u00c3O DE ENGENHEIRO T\u00c9CNICO COM INDICA\u00c7\u00c3O DOS RESPETIVOS COL\u00c9GIOS DE ESPECIALIDADE NOS TERMOS DA AL\u00cdNEA A) DO N.\u00ba 1 DO ART.\u00ba 18 E DA AL\u00cdNEA H) DO ART.\u00ba 117 DA LEI N.\u00ba 157\/2015 Tabela de Emolumentos, Quotas e Taxas em vigor<\/p>\n","protected":false},"author":1,"featured_media":0,"parent":0,"menu_order":0,"comment_status":"closed","ping_status":"closed","template":"","meta":{"_uag_custom_page_level_css":"","site-sidebar-layout":"default","site-content-layout":"default","ast-global-header-display":"","ast-main-header-display":"","ast-hfb-above-header-display":"","ast-hfb-below-header-display":"","ast-hfb-mobile-header-display":"","site-post-title":"","ast-breadcrumbs-content":"","ast-featured-img":"","footer-sml-layout":"","theme-transparent-header-meta":"","adv-header-id-meta":"","stick-header-meta":"","header-above-stick-meta":"","header-main-stick-meta":"","header-below-stick-meta":"","ngg_post_thumbnail":0,"footnotes":""},"class_list":["post-1374","page","type-page","status-publish","hentry"],"uagb_featured_image_src":{"full":false,"thumbnail":false,"medium":false,"medium_large":false,"large":false,"1536x1536":false,"2048x2048":false},"uagb_author_info":{"display_name":"oetsrm_admin","author_link":"https:\/\/srmadeira.oet.pt\/wordpress\/author\/oetsrm_admin\/"},"uagb_comment_info":0,"uagb_excerpt":"CURSOS SUPERIORES MINISTRADOS EM PORTUGAL QUE D\u00c3O ACESSO \u00c0 PROFISS\u00c3O DE ENGENHEIRO T\u00c9CNICO COM INDICA\u00c7\u00c3O DOS RESPETIVOS COL\u00c9GIOS DE ESPECIALIDADE NOS TERMOS DA AL\u00cdNEA A) DO N.\u00ba 1 DO ART.\u00ba 18 E DA AL\u00cdNEA H) DO ART.\u00ba 117 DA LEI N.\u00ba 157\/2015 Tabela de Emolumentos, Quotas e Taxas em vigor","_links":{"self":[{"href":"https:\/\/srmadeira.oet.pt\/wordpress\/wp-json\/wp\/v2\/pages\/1374","targetHints":{"allow":["GET"]}}],"collection":[{"href":"https:\/\/srmadeira.oet.pt\/wordpress\/wp-json\/wp\/v2\/pages"}],"about":[{"href":"https:\/\/srmadeira.oet.pt\/wordpress\/wp-json\/wp\/v2\/types\/page"}],"author":[{"embeddable":true,"href":"https:\/\/srmadeira.oet.pt\/wordpress\/wp-json\/wp\/v2\/users\/1"}],"replies":[{"embeddable":true,"href":"https:\/\/srmadeira.oet.pt\/wordpress\/wp-json\/wp\/v2\/comments?post=1374"}],"version-history":[{"count":8,"href":"https:\/\/srmadeira.oet.pt\/wordpress\/wp-json\/wp\/v2\/pages\/1374\/revisions"}],"predecessor-version":[{"id":1442,"href":"https:\/\/srmadeira.oet.pt\/wordpress\/wp-json\/wp\/v2\/pages\/1374\/revisions\/1442"}],"wp:attachment":[{"href":"https:\/\/srmadeira.oet.pt\/wordpress\/wp-json\/wp\/v2\/media?parent=1374"}],"curies":[{"name":"wp","href":"https:\/\/api.w.org\/{rel}","templated":true}]}}